 8) in base 16?
-b2b
Convert 5ee (base 15) to base 12.
945
What is 195e (base 15) in base 8?
12561
-1213 (base 7) to base 10
-451
What is 2047 (base 8) in base 14?
55d
What is 4051 (base 12) in base 11?
526a
Convert 604 (base 12) to base 15.
3cd
463 (base 13) to base 4
23311
122222 (base 3) to base 14
269
What is 111011 (base 2) in base 11?
54
What is 70672 (base 9) in base 6?
555102
1159 (base 12) to base 13
b64
Convert 141104 (base 5) to base 3.
21221001
1122200020 (base 3) to base 7
163644
Convert 4141 (base 6) to base 8.
1635
What is 3a1 (base 11) in base 14?
25c
101661 (base 9) to base 8
165637
Convert -1c42 (base 16) to base 10.
-7234
What is 1110100000000 (base 2) in base 5?
214144
45176 (base 8) to base 2
100101001111110
Convert -100100001110101 (base 2) to base 6.
-221513
What is -421 (base 14) in base 9?
-1103
0 (base 11) to base 7
0
8450 (base 15) to base 8
66507
Convert -70d8 (base 15) to base 8.
-56424
What is b1 (base 12) in base 9?
157
Convert 674 (base 8) to base 13.
282
Convert 45a4 (base 12) to base 8.
17114
-ca3 (base 14) to base 7
-10163
-650 (base 9) to base 8
-1023
210322 (base 5) to base 7
26204
What is 68 (base 13) in base 16?
56
What is -213231 (base 7) in base 14?
-d788
-1050 (base 6) to base 7
-501
Convert 543 (base 9) to base 5.
3234
What is -200 (base 16) in base 2?
-1000000000
Convert -110110001 (base 3) to base 7.
-35311
What is 1723 (base 8) in base 3?
1100021
What is 1942 (base 13) in base 2?
111010111100
What is 15430 (base 6) in base 14?
cd4
1260 (base 7) to base 16
1e3
11760 (base 8) to base 7
20611
-110 (base 4) to base 10
-20
What is 200102 (base 3) in base 6?
2145
Convert -1784 (base 15) to base 6.
-35254
12aa (base 12) to base 11
1681
What is 46384 (base 10) in base 8?
132460
What is -1611 (base 7) in base 10?
-645
What is 40a (base 13) in base 16?
2ae
What is 2021110201 (base 3) in base 16?
af0c
What is -211201 (base 3) in base 7?
-1534
Convert db (base 14) to base 15.
cd
What is 777 (base 8) in base 9?
627
What is -34334 (base 5) in base 12?
-1519
What is -2099 (base 11) in base 6?
-20454
What is 20001001 (base 4) in base 15?
9add
Convert 5f (base 16) to base 11.
87
Convert 11725 (base 14) to base 3.
2011101111
What is 102220010 (base 3) in base 6?
104050
Convert -24d8 (base 14) to base 3.
-22212100
22216 (base 8) to base 9
13747
What is -211002100 (base 3) in base 15?
-4b86
What is 4752 (base 10) in base 3?
20112000
What is -2949 (base 13) in base 11?
-4543
413312 (base 6) to base 15
9c5e
What is -2043 (base 5) in base 13?
-180
Convert 222012002 (base 3) to base 10.
19091
Convert 434240 (base 5) to base 16.
3a61
-3857 (base 9) to base 14
-10a3
Convert -6e (base 16) to base 2.
-1101110
3336 (base 11) to base 14
185d
Convert -121000 (base 4) to base 11.
-1225
Convert -1b75 (base 15) to base 3.
-22011202
-7567 (base 14) to base 9
-30732
-20011 (base 3) to base 10
-166
-154d (base 16) to base 2
-1010101001101
37c5 (base 15) to base 11
8a25
What is -547 (base 9) in base 14?
-240
What is 202201 (base 3) in base 6?
2331
214 (base 13) to base 15
18a
Convert 1010011011 (base 2) to base 12.
477
What is -160637 (base 8) in base 15?
-121a9
What is 51203 (base 9) in base 8?
101643
7684 (base 9) to base 4
1120201
What is 33121312 (base 4) in base 5?
4004334
Convert -1747 (base 12) to base 5.
-42131
Convert -10b (base 14) to base 6.
-543
What is -214d (base 16) in base 12?
-4b25
Convert -1933 (base 10) to base 13.
-b59
-127c (base 13) to base 11
-1a89
-1001000100 (base 2) to base 6
-2404
-105 (base 7) to base 10
-54
Convert 1013310 (base 6) to base 13.
19233
2a1 (base 13) to base 10
469
Convert ab9 (base 13) to base 5.
24332
What is -d87 (base 15) in base 11?
-2325
-11100110011100 (base 2) to base 9
-22206
-223 (base 11) to base 7
-531
Convert -ad (base 16) to base 9.
-212
What is 14b2c (base 13) in base 15?
b966
Convert 21c (base 13) to base 16.
16b
What is -4759 (base 14) in base 13?
-586c
2300233 (base 4) to base 12
6667
What is 4b3 (base 13) in base 4?
30312
What is 3b67 (base 14) in base 16?
28ef
Convert -10220322 (base 4) to base 7.
-106254
What is -b52 (base 15) in base 3?
-10111112
8802 (base 9) to base 5
201412
What is -110101111000000 (base 2) in base 11?
-197a7
-429 (base 15) to base 9
-1253
Convert -3352 (base 7) to base 4.
-102331
-241 (base 14) to base 5
-3244
Convert 1001 (base 6) to base 11.
188
42321 (base 6) to base 5
140422
2484 (base 12) to base 4
1000210
Convert -887 (base 10) to base 5.
-12022
Convert -6221 (base 10) to base 4.
-1201031
215a (base 11) to base 3
10220111
Convert 16894 (base 14) to base 9.
85544
-15457 (base 9) to base 14
-3bdc
Convert 21300 (base 4) to base 9.
763
Convert 2211331 (base 4) to base 12.
6191
What is -11403 (base 6) in base 11?
-1279
What is -22113 (base 5) in base 11?
-1174
What is -53003 (base 6) in base 12?
-4163
Convert 122000100 (base 3) to base 7.
51105
Convert 40441 (base 6) to base 11.
4027
-7499 (base 14) to base 16
-4e9f
What is 2587 (base 14) in base 9?
10028
Convert -2651 (base 9) to base 4.
-133012
220200 (base 3) to base 11
556
What is 23222331 (base 4) in base 14?
135c9
-16e (base 15) to base 4
-11021
What is -2122011 (base 4) in base 9?
-14466
1a7 (base 12) to base 4
10033
What is -1101010101 (base 2) in base 6?
-3541
What is -340130 (base 5) in base 11?
-8a52
What is -45604 (base 7) in base 2?
-10110101100001
What is -133232 (base 4) in base 5?
-31110
1852 (base 9) to base 7
4103
What is 4443 (base 5) in base 15?
2b8
What is -1285a (base 11) in base 9?
-27133
Convert -307 (base 10) to base 2.
-100110011
Convert -1001021 (base 4) to base 6.
-31145
What is -322412 (base 5) in base 4?
-2223212
-250450 (base 7) to base 12
-2264a
Convert -1303 (base 9) to base 16.
-3cf
3333 (base 4) to base 13
168
Convert -1334430 (base 5) to base 6.
-331134
-311 (base 4) to base 13
-41
-134311 (base 5) to base 2
-1010111001101
Convert 22150 (base 9) to base 16.
3972
Convert -775 (base 9) to base 10.
-635
What is 6145 (base 8) in base 7?
12152
2022102000 (base 3) to base 16
b1b7
What is 132302 (base 4) in base 2?
11110110010
-3504 (base 8) to base 9
-2486
603 (base 11) to base 13
441
What is -11011000010100 (base 2) in base 4?
-3120110
What is -1109 (base 11) in base 4?
-112311
Convert 10a4 (base 14) to base 2.
101101001000
5056 (base 7) to base 2
11011011100
-114740 (base 9) to base 2
-10000111000001001
-2c (base 16) to base 15
-2e
What is -9726 (base 12) in base 9?
-24673
What is 2547 (base 10) in base 6?
15443
11110111110 (base 2) to base 10
1982
What is -163a2 (base 15) in base 13?
-26837
-55124 (base 8) to base 9
-34643
-777 (base 16) to base 8
-3567
Convert 2219 (base 10) to base 12.
134b
111301 (base 5) to base 16
f6f
115216 (base 7) to base 3
1001212001
What is -ab (base 12) in base 6?
-335
-131123 (base 4) to base 8
-3533
What is -610 (base 10) in base 16?
-262
What is -2184 (base 12) in base 15?
-116a
Convert 1000001101 (base 2) to base 5.
4100
What is 5310 (base 8) in base 4?
223020
4013 (base 15) to base 13
61cb
What is -14 (base 10) in base 12?
-12
4440 (base 10) to base 6
32320
-580 (base 12) to base 11
-682
Convert 6b0 (base 13) to base 9.
1525
What is -1111032 (base 4) in base 2?
-1010101001110
2495 (base 14) to base 12
3857
Convert 3653 (base 10) to base 8.
7105
-dac7 (base 16) to base 9
-84740
Convert -ce9 (base 16) to base 4.
-303221
110011011 (base 2) to base 12
2a3
-5355 (base 7) to base 13
-b34
What is -2a48 (base 14) in base 5?
-220022
What is -1309 (base 11) in base 7?
-4652
-2101021 (base 3) to base 4
-123013
Convert 151122 (base 6) to base 14.
5414
-3ad (base 16) to base 6
-4205
What is 53354 (base 6) in base 3?
100222021
What is 227 (base 13) in base 16?
173
Convert -1548 (base 13) to base 10.
-3102
What is 6755 (base 8) in base 15?
10ca
-100000011011 (base 2) to base 13
-c38
What is -162 (base 9) in base 6?
-345
What is -1212200102 (base 3) in base 5?
-2140242
What is 1010010001 (base 2) in base 11?
548
What is 8238 (base 9) in base 6?
43525
-331 (base 9) to base 4
-10033
-735 (base 12) to base 2
-10000011001
Convert c11 (base 16) to base 5.
44324
Convert -102ab (base 12) to base 14.
-79d1
Convert 865 (base 11) to base 8.
2017
What is 601 (base 11) in base 3?
222221
10010 (base 5) to base 11
523
-11111011001 (base 2) to base 8
-3731
55332